9
Let m(t) = -t**3 + 9*t**2 - 4*t + 8. Let p be m(6). Let f = p + -135. Let b = -15 - f. What is the units digit of b?
8
Suppose s = -q + 32584, -2*s - 9*q + 65156 = -10*q. What is the thousands digit of s?
2
Suppose -29*g - 49 = -36*g. Suppose g*z = 25*z - 21438. What is the units digit of z?
1
Let z(k) be the third derivative of k**5/30 + 11*k**4/6 + 14*k**3/3 - 74*k**2. What is the units digit of z(-30)?
8
Suppose -m = -0*m + 3*m. Suppose -t = -5*j + 86, 4*j + 2*t + t - 65 = m. Suppose -j*x + 70 = -15*x. What is the units digit of x?
5
Suppose 0 = -x - 2*b + 1, -3*x + 2*b + 10 = -1. Let g(i) = 0*i**2 + 6 + x*i**2 - 7*i**2 - 37*i + 2*i**2. What is the tens digit of g(-16)?
8
Let r be (-4 - -64)*(-14)/(-4). Suppose 5*p - 220 = r. Let l = p + -64. What is the units digit of l?
2
Suppose -13*d + 16 + 36 = 0. Suppose -2*v = -2*l - 142, -172 = 3*v - 5*v - d*l. Let h = v + -59. What is the tens digit of h?
1
Let j be (-33)/5 + 0 + 27/45. What is the units digit of (0 + 1210/j)*-3?
5
Let v = -800 - -1179. Let u(x) = -x**3 - 5*x**2 - 2*x - 11. Let j be u(5). Let d = j + v. What is the hundreds digit of d?
1
Let j = 24170 + 7940. What is the thousands digit of j?
2
Suppose -13228928 = 96*p - 458*p. What is the hundreds digit of p?
5
Let k be (-3)/(-6) + (-309)/(-6). Let a = 17 + k. Suppose 0 = 3*s - 381 + a. What is the tens digit of s?
0
Suppose 6*y - 3*y - 44 = -2*h, -h + 28 = 2*y. Let d(f) = y - 15*f + 2 + 24. What is the tens digit of d(-6)?
2
Let k(o) = 87*o**2 - 384*o - 7648. What is the hundreds digit of k(-20)?
8
Let p(i) = 3*i**2 - 24*i + 90. Let x = -168 - -180. What is the tens digit of p(x)?
3
Let s(l) = -l**3 - 17*l**2 - 10*l - 107. What is the units digit of s(-21)?
7
Suppose -12*p = -20*p + 592. Suppose 0 = 81*y - p*y - 6531. What is the hundreds digit of y?
9
Let n = -5842 - -8343. What is the tens digit of n?
0
Suppose -24 = -15*g + 21. Suppose -g*i = -12, 4*w + i + i - 920 = 0. What is the units digit of w?
8
Let a be 0 + 156/(-180) - (-4)/(-30). Let f(o) = -273*o - 7. What is the hundreds digit of f(a)?
2
Let n be 21 + -18 - 50*-42. Let i be n/12 + (-6)/(-8). What is the units digit of ((-77)/4)/((-22)/i)?
4
What is the tens digit of 46/((110/4213)/5)?
0
Suppose p = 18 + 393. Suppose 53*b - p = 50*b. What is the units digit of b?
7
Suppose -2*v = y + 1414, -y + 2*y = -3*v - 1413. Let r = -714 - y. What is the tens digit of r?
0
Suppose -19 = a - 3*a + 3*s, -a + 5*s + 27 = 0. Let r be 2 - (-2)/(4/6). What is the units digit of r - -5 - (1 + a)?
7
Let k = 25 + -111. Let r = k - -108. Let n(z) = -z**2 + 22*z + 8. What is the units digit of n(r)?
8
Suppose -3*d + 12 = -9. Suppose 0 = 15*s - d*s - 8720. What is the units digit of s?
0
Suppose 325 = 23*r - 28*r. Let a = r + 308. What is the hundreds digit of a?
2
Let m(o) = 5440*o**3 + 8*o**2 - 6*o + 2. What is the thousands digit of m(1)?
5
Suppose 286*x - 9140554 = -12*x. What is the thousands digit of x?
0
Suppose -5*w + 77748 = -4*m, 10*w + 6*m - 3*m = 155529. What is the ten thousands digit of w?
1
Suppose 0 = 4*i - y - 0*y + 824, -y + 4 = 0. Let q = 391 + i. Suppose -8*c = q - 1690. What is the hundreds digit of c?
1
Let p = -34 + 49. Let m = -1394 + 1388. What is the hundreds digit of 2545/p - m/(-9)?
1
Let v = -8179 + 14819. What is the tens digit of v?
4
Let b(r) = -293*r - 26. Suppose 4*f - j + 4 + 6 = 0, -2*f - 5*j = -6. What is the units digit of b(f)?
0
Let w(v) = 11*v**2 - 1. Let h be w(-1). Suppose h*f - 9 = f. What is the tens digit of 112/(-28) + f*127?
2
Suppose -1727 - 3784 = -5*t - a, -2*a = -2. Suppose z + t = 1728. What is the hundreds digit of z?
6
Suppose -5*t + 38 = -77. Suppose 8*n = 12*n - 5*a - 295, 4*n + 4*a = 340. Let v = n - t. What is the units digit of v?
7
Let q = 43634 - 6464. What is the units digit of q?
0
Let f(p) = 58*p + 107. Let t(i) = 117*i + 213. Let d(c) = 5*f(c) - 2*t(c). What is the units digit of d(7)?
1
Suppose -o - 39*x + 41*x = -2280, 2*o - 4533 = -5*x. What is the units digit of o?
4
Suppose -5*n = p - 256275, 205041 = 4*n - 44*p + 49*p. What is the thousands digit of n?
1
Let v be (-75)/(-50) + (-4350)/(-12). Suppose 2*d - 4*d + 178 = 3*a, 3*a = d - 80. Suppose d*c = 90*c - v. What is the tens digit of c?
9
Let k(m) = m**2 + m - 40. Let r be k(6). Suppose 5*i - r*w = 7*i - 66, -i - 5*w + 45 = 0. What is the tens digit of i?
3
Let g(d) be the first derivative of 1/4*d**4 + 133*d + 1/3*d**3 - 7 + 1/2*d**2. What is the units digit of g(0)?
3
Suppose 21252 = 6*m + 162. Let l = m - 1515. What is the units digit of l?
0
Suppose -p + s - 4 = 2, -4*s + 27 = -5*p. Let i be 0 - 2 - (p + 2). What is the units digit of i/(-4)*2*130?
5
Let f(a) = 49*a + 3405. What is the tens digit of f(78)?
2
Suppose 11*w + 3*w + 42 = 0. What is the hundreds digit of 160 + (5/(15/w))/(-1)?
1
Let x(u) = -43*u - 4. Let c(g) = -50 + 61*g + 56 + 3*g. Let i(h) = -5*c(h) - 8*x(h). What is the units digit of i(1)?
6
Suppose 5*j - 67459 = -2*k, -2833*j - 5*k = -2831*j - 26971. What is the ten thousands digit of j?
1
What is the hundreds digit of (19292064/(-2904))/((-1)/11)?
0
What is the units digit of 2 + (9484 - (-11 + 4))?
3
Suppose -36*t + 545326 = -798396 - 1372658. What is the tens digit of t?
5
Suppose -50*h = -156*h + 84052 + 292248. What is the tens digit of h?
5
Suppose -s - 2 = 0, r - 5*s - 11 = 3. Suppose -20 = 5*a, -a + 187 = r*t - 309. What is the hundreds digit of t?
1
Let a be (-5)/(-4) + 10/240*18. Suppose -4*i + 1179 + 10 = q, -a*i = -q - 593. What is the units digit of i?
7
Let p = 238 - 523. Let h = 426 - p. What is the units digit of h?
1
Suppose -2*c - 4*y + 10119 = -39031, 3*c - 73737 = -3*y. What is the units digit of c?
3
Let u = 31830 - 7017. What is the hundreds digit of u?
8
Let n = -20354 + 45516. What is the tens digit of n?
6
Suppose -3*s + 26538 = -3*p, -5*s + 17*p + 44226 = 14*p. What is the tens digit of s?
4
What is the thousands digit of 22 - (-430014)/143 - 2/22?
3
Suppose 199*k + 71536 + 8882 = 201*k. What is the units digit of k?
9
What is the thousands digit of -74 + 25358 - (-6 - (1 + 3))?
5
Suppose -68 = -3*t - 2. Let d = -15 + t. Suppose 227 = d*u - 312. What is the tens digit of u?
7
Let w(s) = 7*s**2 + 6*s + 16. Let i(z) = -3 - 18*z + z**2 + z - 1 + z. Let o be i(16). What is the tens digit of w(o)?
0
Let n be -3 + (-1 - -1) + 3. Suppose n = -m - 12 + 2. What is the units digit of (225/m)/(11/(-10) - -1)?
5
Let u(y) = -11*y**2 + 5*y + 8. Let j(p) = -12*p**2 + 6*p + 9. Let o(r) = -5*j(r) + 6*u(r). Let i be o(3). What is the units digit of -2 - (3 - 1) - i?
7
Let g(p) = -274*p - 13. Let i be g(-7). Let k = i - 1046. What is the tens digit of k?
5
Let n be 5 + (-5 - (-9 + 15/3)). Suppose -3*o = -z - 4*z - 879, 1172 = n*o - 4*z. What is the units digit of o?
3
Suppose 3*w - 5*s - 14 - 2 = 0, 4*s = 2*w - 12. Suppose w*c - 1953 = -3*m, 5*m + 3022 + 873 = 4*c. What is the units digit of c?
5
What is the thousands digit of 11109 - ((10 - -16) + -10)?
1
Let k(z) = z**3 + 25*z**2 - 53*z + 30. Let d be k(-27). Suppose 4*a - 4*f = -d*f + 950, f - 716 = -3*a. What is the units digit of a?
8
Suppose -v = 4*u - 1620, u = -4*v + 38 + 352. Suppose -u = 469*l - 483*l. What is the tens digit of l?
2
Suppose -4*y + 40 = 56, -j = 3*y - 11632. What is the tens digit of j?
4
Let u = 35793 - 25064. What is the ten thousands digit of u?
1
Let f(a) = -29*a**3 + a**2 - a - 1. Let v be f(-1). Let q be (-88)/(-10) + 6/v. What is the units digit of 6/q - 470/(-6)?
9
Let f be (-919 - 1) + -3 + 0. Let i = f + 1718. What is the hundreds digit of i?
7
Let z = -134 + 138. Suppose -4*r - 1440 = -0*n - z*n, 2*r + 1448 = 4*n. What is the tens digit of n?
6
Let k = -9 - -9. Suppose 2 = s - 5*t, -2*s + 5*t = -4 - k. Suppose -s*v = 2*d - 152, -d - 2*v + 79 = 2*v. What is the units digit of d?
5
Suppose 124*i = 177*i - 714069. What is the thousands digit of i?
3
Let f = 25 - 31. Let v be f/(-1 + -1) + 4. Suppose -3*n = -v*n + 176. What is the tens digit of n?
4
Let c(p) = 2*p + 2. Let j be c(-1). Suppose -2*y + 4 + 110 = j. Suppose -2*v + y = -29. What is the units digit of v?
3
Let n = 7008 - 1854. What is the units digit of n?
4
Suppose 4*d - 34 = 5*p + 46, -40 = -2*d + p. Let h be 175*1/(d/8). Suppose 4*n - h - 26 = 0. What is the units digit of n?
4
Suppose 5*